
{"id":2067,"date":"2019-12-31T09:37:17","date_gmt":"2019-12-31T09:37:17","guid":{"rendered":"http:\/\/impartial-ratel.w5.wpsandbox.pro\/?page_id=9"},"modified":"2025-01-08T16:20:27","modified_gmt":"2025-01-08T15:20:27","slug":"contact-us","status":"publish","type":"page","link":"https:\/\/j-lesnouvellesdupays.com\/?page_id=2067","title":{"rendered":"Contact Us"},"content":{"rendered":"<h4>\n\t\t\t\t\tContactez nous<br \/>\n\t\t\t<\/h4>\n<p>\t\t<!-- tg-module-title-wrap --><br \/>\n\t\t[everest_form id=\u00a0\u00bb1507&Prime;]<br \/>\n\t\t\t<iframe loading=\"lazy\"\n\t\t\t\t\tsrc=\"https:\/\/maps.google.com\/maps?q=4.052659117864316%2C%209.697311150299537&#038;t=m&#038;z=10&#038;output=embed&#038;iwloc=near\"\n\t\t\t\t\ttitle=\"4.052659117864316, 9.697311150299537\"\n\t\t\t\t\taria-label=\"4.052659117864316, 9.697311150299537\"\n\t\t\t><\/iframe><\/p>\n<h4>\n\t\t\t\t\tACTUALITE<br \/>\n\t\t\t<\/h4>\n<p>\t\t<!-- tg-module-title-wrap --><\/p>\n<figure>\n\t\t\t\t\t\t\t\t\t\t<a href=\"https:\/\/j-lesnouvellesdupays.com\/?p=2335\"><br \/>\n\t\t\t<img loading=\"lazy\" width=\"130\" height=\"90\" src=\"https:\/\/j-lesnouvellesdupays.com\/wp-content\/uploads\/2025\/01\/Sans-titre-1-1-130x90.png\" alt=\"\" decoding=\"async\" srcset=\"https:\/\/j-lesnouvellesdupays.com\/wp-content\/uploads\/2025\/01\/Sans-titre-1-1-130x90.png 130w, https:\/\/j-lesnouvellesdupays.com\/wp-content\/uploads\/2025\/01\/Sans-titre-1-1-392x272.png 392w, https:\/\/j-lesnouvellesdupays.com\/wp-content\/uploads\/2025\/01\/Sans-titre-1-1-600x417.png 600w\" sizes=\"auto, (max-width: 130px) 100vw, 130px\" \/>\t\t<\/a><br \/>\n\t\t\t\t\t\t\t\t\t<\/figure>\n<h3>\n\t\t\t<a href=\"https:\/\/j-lesnouvellesdupays.com\/?p=2335\">Pr\u00e9sidentielle 2025\u00a0: pol\u00e9mique inutile autour de la candidature de Paul Biya<\/a><br \/>\n\t\t<\/h3>\n<p>\t\t\t\t<a href=\"https:\/\/j-lesnouvellesdupays.com\/?p=2335\" rel=\"bookmark\"><time datetime=\"2025-01-07T12:02:57+01:00\">7 janvier 2025<\/time><time datetime=\"2025-01-07T16:32:35+01:00\">7 janvier 2025<\/time><\/a><br \/>\n\t\t\t\t<a href=\"https:\/\/j-lesnouvellesdupays.com\/?author=3\">\u00c9tienne Penda<\/a><br \/>\n\t\t\t\t\t<a href=\"https:\/\/j-lesnouvellesdupays.com\/?p=2335#respond\">0<\/a>\t\t\t\t<\/p>\n<figure>\n\t\t\t\t\t\t\t\t\t\t<a href=\"https:\/\/j-lesnouvellesdupays.com\/?p=2303\"><br \/>\n\t\t\t<img loading=\"lazy\" width=\"130\" height=\"90\" src=\"https:\/\/j-lesnouvellesdupays.com\/wp-content\/uploads\/2025\/01\/Sans-titre-1-130x90.png\" alt=\"\" decoding=\"async\" srcset=\"https:\/\/j-lesnouvellesdupays.com\/wp-content\/uploads\/2025\/01\/Sans-titre-1-130x90.png 130w, https:\/\/j-lesnouvellesdupays.com\/wp-content\/uploads\/2025\/01\/Sans-titre-1-392x272.png 392w, https:\/\/j-lesnouvellesdupays.com\/wp-content\/uploads\/2025\/01\/Sans-titre-1-600x417.png 600w\" sizes=\"auto, (max-width: 130px) 100vw, 130px\" \/>\t\t<\/a><br \/>\n\t\t\t\t\t\t\t\t\t<\/figure>\n<h3>\n\t\t\t<a href=\"https:\/\/j-lesnouvellesdupays.com\/?p=2303\">Le Maire El Hadj Oumarou\u00a0: le P\u00e8re No\u00ebl des enfants \u00e0 Nkongsamba 1er<\/a><br \/>\n\t\t<\/h3>\n<p>\t\t\t\t<a href=\"https:\/\/j-lesnouvellesdupays.com\/?p=2303\" rel=\"bookmark\"><time datetime=\"2025-01-07T09:43:53+01:00\">7 janvier 2025<\/time><time datetime=\"2025-01-07T15:44:29+01:00\">7 janvier 2025<\/time><\/a><br \/>\n\t\t\t\t<a href=\"https:\/\/j-lesnouvellesdupays.com\/?author=2\">Henri Donatien Ayang<\/a><br \/>\n\t\t\t\t\t<a href=\"https:\/\/j-lesnouvellesdupays.com\/?p=2303#respond\">0<\/a><\/p>\n","protected":false},"excerpt":{"rendered":"<p>Contactez nous [everest_form id=\u00a0\u00bb1507&Prime;] ACTUALITE Pr\u00e9sidentielle 2025\u00a0: pol\u00e9mique inutile autour de la candidature de Paul Biya 7 janvier 20257 janvier<\/p>\n","protected":false},"author":1,"featured_media":0,"parent":0,"menu_order":0,"comment_status":"closed","ping_status":"closed","template":"page-templates\/page-builder.php","meta":{"footnotes":""},"class_list":["post-2067","page","type-page","status-publish","hentry"],"yoast_head":"<!-- This site is optimized with the Yoast SEO plugin v24.2 - https:\/\/yoast.com\/wordpress\/plugins\/seo\/ -->\n<title>Contact Us - LES NOUVELLES DU PAYS<\/title>\n<meta name=\"description\" content=\"Contactez nous [everest_form id=\u00a0\u00bb1507&Prime;] ACTUALITE Pr\u00e9sidentielle 2025\u00a0: pol\u00e9mique inutile autour de la candidature de Paul Biya 7 janvier 20257 janvier\" \/>\n<meta name=\"robots\" content=\"index, follow, max-snippet:-1, max-image-preview:large, max-video-preview:-1\" \/>\n<link rel=\"canonical\" href=\"https:\/\/j-lesnouvellesdupays.com\/?page_id=2067\" \/>\n<meta property=\"og:locale\" content=\"fr_FR\" \/>\n<meta property=\"og:type\" content=\"article\" \/>\n<meta property=\"og:title\" content=\"Contact Us - LES NOUVELLES DU PAYS\" \/>\n<meta property=\"og:description\" content=\"Contactez nous [everest_form id=\u00a0\u00bb1507&Prime;] ACTUALITE Pr\u00e9sidentielle 2025\u00a0: pol\u00e9mique inutile autour de la candidature de Paul Biya 7 janvier 20257 janvier\" \/>\n<meta property=\"og:url\" content=\"https:\/\/j-lesnouvellesdupays.com\/?page_id=2067\" \/>\n<meta property=\"og:site_name\" content=\"LES NOUVELLES DU PAYS\" \/>\n<meta property=\"article:modified_time\" content=\"2025-01-08T15:20:27+00:00\" \/>\n<meta property=\"og:image\" content=\"https:\/\/j-lesnouvellesdupays.com\/wp-content\/uploads\/2025\/01\/Sans-titre-1-1-130x90.png\" \/>\n<meta name=\"twitter:card\" content=\"summary_large_image\" \/>\n<script type=\"application\/ld+json\" class=\"yoast-schema-graph\">{\"@context\":\"https:\/\/schema.org\",\"@graph\":[{\"@type\":\"WebPage\",\"@id\":\"https:\/\/j-lesnouvellesdupays.com\/?page_id=2067\",\"url\":\"https:\/\/j-lesnouvellesdupays.com\/?page_id=2067\",\"name\":\"Contact Us - LES NOUVELLES DU PAYS\",\"isPartOf\":{\"@id\":\"https:\/\/j-lesnouvellesdupays.com\/#website\"},\"primaryImageOfPage\":{\"@id\":\"https:\/\/j-lesnouvellesdupays.com\/?page_id=2067#primaryimage\"},\"image\":{\"@id\":\"https:\/\/j-lesnouvellesdupays.com\/?page_id=2067#primaryimage\"},\"thumbnailUrl\":\"https:\/\/j-lesnouvellesdupays.com\/wp-content\/uploads\/2025\/01\/Sans-titre-1-1-130x90.png\",\"datePublished\":\"2019-12-31T09:37:17+00:00\",\"dateModified\":\"2025-01-08T15:20:27+00:00\",\"breadcrumb\":{\"@id\":\"https:\/\/j-lesnouvellesdupays.com\/?page_id=2067#breadcrumb\"},\"inLanguage\":\"fr-FR\",\"potentialAction\":[{\"@type\":\"ReadAction\",\"target\":[\"https:\/\/j-lesnouvellesdupays.com\/?page_id=2067\"]}]},{\"@type\":\"ImageObject\",\"inLanguage\":\"fr-FR\",\"@id\":\"https:\/\/j-lesnouvellesdupays.com\/?page_id=2067#primaryimage\",\"url\":\"https:\/\/j-lesnouvellesdupays.com\/wp-content\/uploads\/2025\/01\/Sans-titre-1-1.png\",\"contentUrl\":\"https:\/\/j-lesnouvellesdupays.com\/wp-content\/uploads\/2025\/01\/Sans-titre-1-1.png\",\"width\":800,\"height\":445},{\"@type\":\"BreadcrumbList\",\"@id\":\"https:\/\/j-lesnouvellesdupays.com\/?page_id=2067#breadcrumb\",\"itemListElement\":[{\"@type\":\"ListItem\",\"position\":1,\"name\":\"Accueil\",\"item\":\"https:\/\/j-lesnouvellesdupays.com\/\"},{\"@type\":\"ListItem\",\"position\":2,\"name\":\"Contact Us\"}]},{\"@type\":\"WebSite\",\"@id\":\"https:\/\/j-lesnouvellesdupays.com\/#website\",\"url\":\"https:\/\/j-lesnouvellesdupays.com\/\",\"name\":\"LES NOUVELLES DU PAYS\",\"description\":\"\",\"publisher\":{\"@id\":\"https:\/\/j-lesnouvellesdupays.com\/#organization\"},\"potentialAction\":[{\"@type\":\"SearchAction\",\"target\":{\"@type\":\"EntryPoint\",\"urlTemplate\":\"https:\/\/j-lesnouvellesdupays.com\/?s={search_term_string}\"},\"query-input\":{\"@type\":\"PropertyValueSpecification\",\"valueRequired\":true,\"valueName\":\"search_term_string\"}}],\"inLanguage\":\"fr-FR\"},{\"@type\":\"Organization\",\"@id\":\"https:\/\/j-lesnouvellesdupays.com\/#organization\",\"name\":\"LES NOUVELLES DU PAYS\",\"url\":\"https:\/\/j-lesnouvellesdupays.com\/\",\"logo\":{\"@type\":\"ImageObject\",\"inLanguage\":\"fr-FR\",\"@id\":\"https:\/\/j-lesnouvellesdupays.com\/#\/schema\/logo\/image\/\",\"url\":\"https:\/\/j-lesnouvellesdupays.com\/wp-content\/uploads\/2025\/01\/cropped-logo-les-nouvelles-du-pays.png\",\"contentUrl\":\"https:\/\/j-lesnouvellesdupays.com\/wp-content\/uploads\/2025\/01\/cropped-logo-les-nouvelles-du-pays.png\",\"width\":314,\"height\":89,\"caption\":\"LES NOUVELLES DU PAYS\"},\"image\":{\"@id\":\"https:\/\/j-lesnouvellesdupays.com\/#\/schema\/logo\/image\/\"}}]}<\/script>\n<!-- \/ Yoast SEO plugin. -->","yoast_head_json":{"title":"Contact Us - LES NOUVELLES DU PAYS","description":"Contactez nous [everest_form id=\u00a0\u00bb1507&Prime;] ACTUALITE Pr\u00e9sidentielle 2025\u00a0: pol\u00e9mique inutile autour de la candidature de Paul Biya 7 janvier 20257 janvier","robots":{"index":"index","follow":"follow","max-snippet":"max-snippet:-1","max-image-preview":"max-image-preview:large","max-video-preview":"max-video-preview:-1"},"canonical":"https:\/\/j-lesnouvellesdupays.com\/?page_id=2067","og_locale":"fr_FR","og_type":"article","og_title":"Contact Us - LES NOUVELLES DU PAYS","og_description":"Contactez nous [everest_form id=\u00a0\u00bb1507&Prime;] ACTUALITE Pr\u00e9sidentielle 2025\u00a0: pol\u00e9mique inutile autour de la candidature de Paul Biya 7 janvier 20257 janvier","og_url":"https:\/\/j-lesnouvellesdupays.com\/?page_id=2067","og_site_name":"LES NOUVELLES DU PAYS","article_modified_time":"2025-01-08T15:20:27+00:00","og_image":[{"url":"https:\/\/j-lesnouvellesdupays.com\/wp-content\/uploads\/2025\/01\/Sans-titre-1-1-130x90.png","type":"","width":"","height":""}],"twitter_card":"summary_large_image","schema":{"@context":"https:\/\/schema.org","@graph":[{"@type":"WebPage","@id":"https:\/\/j-lesnouvellesdupays.com\/?page_id=2067","url":"https:\/\/j-lesnouvellesdupays.com\/?page_id=2067","name":"Contact Us - LES NOUVELLES DU PAYS","isPartOf":{"@id":"https:\/\/j-lesnouvellesdupays.com\/#website"},"primaryImageOfPage":{"@id":"https:\/\/j-lesnouvellesdupays.com\/?page_id=2067#primaryimage"},"image":{"@id":"https:\/\/j-lesnouvellesdupays.com\/?page_id=2067#primaryimage"},"thumbnailUrl":"https:\/\/j-lesnouvellesdupays.com\/wp-content\/uploads\/2025\/01\/Sans-titre-1-1-130x90.png","datePublished":"2019-12-31T09:37:17+00:00","dateModified":"2025-01-08T15:20:27+00:00","breadcrumb":{"@id":"https:\/\/j-lesnouvellesdupays.com\/?page_id=2067#breadcrumb"},"inLanguage":"fr-FR","potentialAction":[{"@type":"ReadAction","target":["https:\/\/j-lesnouvellesdupays.com\/?page_id=2067"]}]},{"@type":"ImageObject","inLanguage":"fr-FR","@id":"https:\/\/j-lesnouvellesdupays.com\/?page_id=2067#primaryimage","url":"https:\/\/j-lesnouvellesdupays.com\/wp-content\/uploads\/2025\/01\/Sans-titre-1-1.png","contentUrl":"https:\/\/j-lesnouvellesdupays.com\/wp-content\/uploads\/2025\/01\/Sans-titre-1-1.png","width":800,"height":445},{"@type":"BreadcrumbList","@id":"https:\/\/j-lesnouvellesdupays.com\/?page_id=2067#breadcrumb","itemListElement":[{"@type":"ListItem","position":1,"name":"Accueil","item":"https:\/\/j-lesnouvellesdupays.com\/"},{"@type":"ListItem","position":2,"name":"Contact Us"}]},{"@type":"WebSite","@id":"https:\/\/j-lesnouvellesdupays.com\/#website","url":"https:\/\/j-lesnouvellesdupays.com\/","name":"LES NOUVELLES DU PAYS","description":"","publisher":{"@id":"https:\/\/j-lesnouvellesdupays.com\/#organization"},"potentialAction":[{"@type":"SearchAction","target":{"@type":"EntryPoint","urlTemplate":"https:\/\/j-lesnouvellesdupays.com\/?s={search_term_string}"},"query-input":{"@type":"PropertyValueSpecification","valueRequired":true,"valueName":"search_term_string"}}],"inLanguage":"fr-FR"},{"@type":"Organization","@id":"https:\/\/j-lesnouvellesdupays.com\/#organization","name":"LES NOUVELLES DU PAYS","url":"https:\/\/j-lesnouvellesdupays.com\/","logo":{"@type":"ImageObject","inLanguage":"fr-FR","@id":"https:\/\/j-lesnouvellesdupays.com\/#\/schema\/logo\/image\/","url":"https:\/\/j-lesnouvellesdupays.com\/wp-content\/uploads\/2025\/01\/cropped-logo-les-nouvelles-du-pays.png","contentUrl":"https:\/\/j-lesnouvellesdupays.com\/wp-content\/uploads\/2025\/01\/cropped-logo-les-nouvelles-du-pays.png","width":314,"height":89,"caption":"LES NOUVELLES DU PAYS"},"image":{"@id":"https:\/\/j-lesnouvellesdupays.com\/#\/schema\/logo\/image\/"}}]}},"_links":{"self":[{"href":"https:\/\/j-lesnouvellesdupays.com\/index.php?rest_route=\/wp\/v2\/pages\/2067","targetHints":{"allow":["GET"]}}],"collection":[{"href":"https:\/\/j-lesnouvellesdupays.com\/index.php?rest_route=\/wp\/v2\/pages"}],"about":[{"href":"https:\/\/j-lesnouvellesdupays.com\/index.php?rest_route=\/wp\/v2\/types\/page"}],"author":[{"embeddable":true,"href":"https:\/\/j-lesnouvellesdupays.com\/index.php?rest_route=\/wp\/v2\/users\/1"}],"replies":[{"embeddable":true,"href":"https:\/\/j-lesnouvellesdupays.com\/index.php?rest_route=%2Fwp%2Fv2%2Fcomments&post=2067"}],"version-history":[{"count":12,"href":"https:\/\/j-lesnouvellesdupays.com\/index.php?rest_route=\/wp\/v2\/pages\/2067\/revisions"}],"predecessor-version":[{"id":2369,"href":"https:\/\/j-lesnouvellesdupays.com\/index.php?rest_route=\/wp\/v2\/pages\/2067\/revisions\/2369"}],"wp:attachment":[{"href":"https:\/\/j-lesnouvellesdupays.com\/index.php?rest_route=%2Fwp%2Fv2%2Fmedia&parent=2067"}],"curies":[{"name":"wp","href":"https:\/\/api.w.org\/{rel}","templated":true}]}}